[INFO] fetching crate tokio-async-io 0.1.0...
[INFO] checking tokio-async-io-0.1.0 against master#af3c6e733a40e671550e0f0f5aeecaa13772ba56 for pr-74989
[INFO] extracting crate tokio-async-io 0.1.0 into /workspace/builds/worker-2/source
[INFO] validating manifest of crates.io crate tokio-async-io 0.1.0 on toolchain af3c6e733a40e671550e0f0f5aeecaa13772ba56
[INFO] running `Command { std: "/workspace/cargo-home/bin/cargo" "+af3c6e733a40e671550e0f0f5aeecaa13772ba56" "read-manifest" "--manifest-path" "Cargo.toml", kill_on_drop: false }`
[INFO] started tweaking crates.io crate tokio-async-io 0.1.0
[INFO] finished tweaking crates.io crate tokio-async-io 0.1.0
[INFO] tweaked toml for crates.io crate tokio-async-io 0.1.0 written to /workspace/builds/worker-2/source/Cargo.toml
[INFO] crate crates.io crate tokio-async-io 0.1.0 already has a lockfile, it will not be regenerated
[INFO] running `Command { std: "/workspace/cargo-home/bin/cargo" "+af3c6e733a40e671550e0f0f5aeecaa13772ba56" "fetch" "--locked" "--manifest-path" "Cargo.toml", kill_on_drop: false }`
[INFO] running `Command { std: "docker" "create" "-v" "/var/lib/crater-agent-workspace/builds/worker-2/target:/opt/rustwide/target:rw,Z" "-v" "/var/lib/crater-agent-workspace/builds/worker-2/source:/opt/rustwide/workdir:ro,Z" "-v" "/var/lib/crater-agent-workspace/cargo-home:/opt/rustwide/cargo-home:ro,Z" "-v" "/var/lib/crater-agent-workspace/rustup-home:/opt/rustwide/rustup-home:ro,Z" "-e" "SOURCE_DIR=/opt/rustwide/workdir" "-e" "CARGO_TARGET_DIR=/opt/rustwide/target" "-e" "CARGO_HOME=/opt/rustwide/cargo-home" "-e" "RUSTUP_HOME=/opt/rustwide/rustup-home" "-w" "/opt/rustwide/workdir" "-m" "1610612736" "--user" "0:0" "--network" "none" "rustops/crates-build-env@sha256:d92eaeed33fa75130ca1ee6c8a01d1ffb62bac859dfdfb3450e3e5d1c0146529" "/opt/rustwide/cargo-home/bin/cargo" "+af3c6e733a40e671550e0f0f5aeecaa13772ba56" "metadata" "--no-deps" "--format-version=1", kill_on_drop: false }`
[INFO] [stdout] 3d76f72493de56be28526539a7d3d4707fba72c8ef9d7d34419a2630dbccdb3f
[INFO] [stderr] WARNING: Your kernel does not support swap limit capabilities or the cgroup is not mounted. Memory limited without swap.
[INFO] running `Command { std: "docker" "start" "-a" "3d76f72493de56be28526539a7d3d4707fba72c8ef9d7d34419a2630dbccdb3f", kill_on_drop: false }`
[INFO] running `Command { std: "docker" "inspect" "3d76f72493de56be28526539a7d3d4707fba72c8ef9d7d34419a2630dbccdb3f", kill_on_drop: false }`
[INFO] running `Command { std: "docker" "rm" "-f" "3d76f72493de56be28526539a7d3d4707fba72c8ef9d7d34419a2630dbccdb3f", kill_on_drop: false }`
[INFO] [stdout] 3d76f72493de56be28526539a7d3d4707fba72c8ef9d7d34419a2630dbccdb3f
[INFO] running `Command { std: "docker" "create" "-v" "/var/lib/crater-agent-workspace/builds/worker-2/target:/opt/rustwide/target:rw,Z" "-v" "/var/lib/crater-agent-workspace/builds/worker-2/source:/opt/rustwide/workdir:ro,Z" "-v" "/var/lib/crater-agent-workspace/cargo-home:/opt/rustwide/cargo-home:ro,Z" "-v" "/var/lib/crater-agent-workspace/rustup-home:/opt/rustwide/rustup-home:ro,Z" "-e" "SOURCE_DIR=/opt/rustwide/workdir" "-e" "CARGO_TARGET_DIR=/opt/rustwide/target" "-e" "CARGO_INCREMENTAL=0" "-e" "RUST_BACKTRACE=full" "-e" "RUSTFLAGS=--cap-lints=forbid" "-e" "CARGO_HOME=/opt/rustwide/cargo-home" "-e" "RUSTUP_HOME=/opt/rustwide/rustup-home" "-w" "/opt/rustwide/workdir" "-m" "1610612736" "--user" "0:0" "--network" "none" "rustops/crates-build-env@sha256:d92eaeed33fa75130ca1ee6c8a01d1ffb62bac859dfdfb3450e3e5d1c0146529" "/opt/rustwide/cargo-home/bin/cargo" "+af3c6e733a40e671550e0f0f5aeecaa13772ba56" "check" "--frozen" "--all" "--all-targets" "--message-format=json", kill_on_drop: false }`
[INFO] [stderr] WARNING: Your kernel does not support swap limit capabilities or the cgroup is not mounted. Memory limited without swap.
[INFO] [stdout] 9c439b321f430dd00ae1ad88572ea678ac0ef27224459363823837dff78bb400
[INFO] running `Command { std: "docker" "start" "-a" "9c439b321f430dd00ae1ad88572ea678ac0ef27224459363823837dff78bb400", kill_on_drop: false }`
[INFO] [stderr]    Compiling syn v1.0.23
[INFO] [stderr]    Compiling log v0.4.8
[INFO] [stderr]     Checking futures-sink v0.3.5
[INFO] [stderr]     Checking once_cell v1.4.0
[INFO] [stderr]     Checking futures-io v0.3.5
[INFO] [stderr]    Compiling proc-macro2 v1.0.15
[INFO] [stderr]     Checking net2 v0.2.34
[INFO] [stderr]     Checking futures-channel v0.3.5
[INFO] [stderr]     Checking futures-task v0.3.5
[INFO] [stderr]     Checking mio v0.6.22
[INFO] [stderr]    Compiling quote v1.0.6
[INFO] [stderr]    Compiling pin-project-internal v0.4.17
[INFO] [stderr]    Compiling futures-macro v0.3.5
[INFO] [stderr]    Compiling tokio-macros v0.2.5
[INFO] [stderr]     Checking tokio v0.2.21
[INFO] [stderr]     Checking pin-project v0.4.17
[INFO] [stderr]     Checking futures-util v0.3.5
[INFO] [stderr]     Checking futures-executor v0.3.5
[INFO] [stderr]     Checking futures v0.3.5
[INFO] [stderr]     Checking tokio-async-io v0.1.0 (/opt/rustwide/workdir)
[INFO] [stdout] error[E0432]: unresolved import `zmq`
[INFO] [stdout]  --> examples/zmq.rs:6:5
[INFO] [stdout]   |
[INFO] [stdout] 6 | use zmq::{Context, PollEvents, Socket, SocketType, DONTWAIT, POLLIN, POLLOUT};
[INFO] [stdout]   |     ^^^ use of undeclared type or module `zmq`
[INFO] [stdout] 
[INFO] [stdout] 
[INFO] [stdout] error[E0433]: failed to resolve: use of undeclared type or module `zmq`
[INFO] [stdout]   --> examples/zmq.rs:11:35
[INFO] [stdout]    |
[INFO] [stdout] 11 |     mut f: impl FnMut(&Socket) -> zmq::Result<T>,
[INFO] [stdout]    |                                   ^^^ use of undeclared type or module `zmq`
[INFO] [stdout] 
[INFO] [stdout] 
[INFO] [stdout] error[E0433]: failed to resolve: use of undeclared type or module `zmq`
[INFO] [stdout]   --> examples/zmq.rs:27:31
[INFO] [stdout]    |
[INFO] [stdout] 27 |     f: impl FnMut(&Socket) -> zmq::Result<T>,
[INFO] [stdout]    |                               ^^^ use of undeclared type or module `zmq`
[INFO] [stdout] 
[INFO] [stdout] 
[INFO] [stdout] error[E0433]: failed to resolve: use of undeclared type or module `zmq`
[INFO] [stdout]   --> examples/zmq.rs:34:31
[INFO] [stdout]    |
[INFO] [stdout] 34 |     f: impl FnMut(&Socket) -> zmq::Result<T>,
[INFO] [stdout]    |                               ^^^ use of undeclared type or module `zmq`
[INFO] [stdout] 
[INFO] [stdout] 
[INFO] [stdout] warning: unused import: `std::ops::Deref`
[INFO] [stdout]  --> examples/zmq.rs:2:5
[INFO] [stdout]   |
[INFO] [stdout] 2 | use std::ops::Deref;
[INFO] [stdout]   |     ^^^^^^^^^^^^^^^
[INFO] [stdout]   |
[INFO] [stdout]   = note: `#[warn(unused_imports)]` on by default
[INFO] [stdout] 
[INFO] [stdout] 
[INFO] [stdout] error: aborting due to 4 previous errors; 1 warning emitted
[INFO] [stdout] 
[INFO] [stdout] 
[INFO] [stdout] Some errors have detailed explanations: E0432, E0433.
[INFO] [stdout] 
[INFO] [stdout] For more information about an error, try `rustc --explain E0432`.
[INFO] [stdout] 
[INFO] [stderr] error: could not compile `tokio-async-io`.
[INFO] [stderr] 
[INFO] [stderr] To learn more, run the command again with --verbose.
[INFO] running `Command { std: "docker" "inspect" "9c439b321f430dd00ae1ad88572ea678ac0ef27224459363823837dff78bb400", kill_on_drop: false }`
[INFO] running `Command { std: "docker" "rm" "-f" "9c439b321f430dd00ae1ad88572ea678ac0ef27224459363823837dff78bb400", kill_on_drop: false }`
[INFO] [stdout] 9c439b321f430dd00ae1ad88572ea678ac0ef27224459363823837dff78bb400
